{"id":22410,"date":"2020-04-05T09:34:47","date_gmt":"2020-04-05T07:34:47","guid":{"rendered":"http:\/\/trackandfield.bplaced.net\/?page_id=22410"},"modified":"2020-04-12T10:19:19","modified_gmt":"2020-04-12T08:19:19","slug":"videos","status":"publish","type":"page","link":"https:\/\/trackandfield.bplaced.net\/blog\/videos\/","title":{"rendered":"Videos"},"content":{"rendered":"\n<h3 class=\"wp-block-heading\">Playlisten<\/h3>\n\n\n\n<p><a rel=\"noreferrer noopener\" aria-label=\"\u00d6sterreich (\u00f6ffnet in neuem Tab)\" href=\"http:\/\/trackandfield.bplaced.net\/videos\/oesterreich\/\" target=\"_blank\">\u00d6sterreich<\/a><br \/><a rel=\"noreferrer noopener\" aria-label=\" (\u00f6ffnet in neuem Tab)\" href=\"http:\/\/trackandfield.bplaced.net\/videos\/deutschland\/\" target=\"_blank\">Deutschland<\/a><\/p>\n\n\n\n<p><a rel=\"noreferrer noopener\" aria-label=\"Dokumentationen (\u00f6ffnet in neuem Tab)\" href=\"http:\/\/trackandfield.bplaced.net\/videos\/dokumentationen\/\" target=\"_blank\">Dokumentationen<\/a><\/p>\n\n\n\n<p><a rel=\"noreferrer noopener\" aria-label=\"Weltmeisterschaften (\u00f6ffnet in neuem Tab)\" href=\"http:\/\/trackandfield.bplaced.net\/videos\/weltmeisterschaften\/\" target=\"_blank\">Weltmeisterschaften<\/a><br \/><a rel=\"noreferrer noopener\" aria-label=\"Europameisterschaften (\u00f6ffnet in neuem Tab)\" href=\"http:\/\/trackandfield.bplaced.net\/videos\/europameisterschaften\/\" target=\"_blank\">Europameisterschaften<\/a><\/p>\n\n\n\n<p><a rel=\"noreferrer noopener\" aria-label=\"Internationale Meetings (\u00f6ffnet in neuem Tab)\" href=\"http:\/\/trackandfield.bplaced.net\/videos\/internationale-meetings\/\" target=\"_blank\">Internationale Meetings<\/a><\/p>\n\n\n\n<h3 class=\"wp-block-heading\">Kan\u00e4le<\/h3>\n\n\n\n<p>Youtube Kanal f\u00fcr \u201eEigenproduktionen\u201c:<br \/> <a rel=\"noreferrer noopener\" href=\"http:\/\/www.youtube.com\/user\/hoslsblog\" target=\"_blank\">hosl\u2019s blog \u2013 productions<\/a><\/p>\n\n\n\n<p>Nicht alle Videos von diesem Kanal sind direkt auffindbar, die obigen Playlisten sind umfangreicher.<br \/><a rel=\"noreferrer noopener\" href=\"https:\/\/www.youtube.com\/channel\/UCU7tTJ-uiNUI3vb3hRltiRA\" target=\"_blank\">hosl\u2019s blog<\/a><\/p>\n\n\n\n<h3 class=\"wp-block-heading\">Vorabinformation<\/h3>\n\n\n\n<p>Hier gibt es nun meinen vermutlich letzten Versuch ein frei verf\u00fcgbares Leichtathletikvideo Archiv aller m\u00f6glichen Veranstaltungen zur Erstellen. Viele Videos sind dabei nur auf dieser Seite auffindbar und werden nicht \u00fcber Suchfunktionen angeboten.<br \/>Ich hoffe der ein oder andere Leichtathletik-Fan findet hier noch das ein oder andere unbekannte &#8222;Schmankerl&#8220;.<\/p>\n\n\n\n<p>Die Listen werden in unregelm\u00e4\u00dfigen Abst\u00e4nden erweitert bzw. neue hinzugef\u00fcgt. Wiederkommen k\u00f6nnte sich also in manchen F\u00e4llen auszahlen.<\/p>\n","protected":false},"excerpt":{"rendered":"<p>Playlisten \u00d6sterreichDeutschland Dokumentationen WeltmeisterschaftenEuropameisterschaften Internationale Meetings Kan\u00e4le Youtube Kanal f\u00fcr \u201eEigenproduktionen\u201c: hosl\u2019s blog \u2013 productions Nicht alle Videos von diesem Kanal sind direkt auffindbar, die obigen Playlisten sind umfangreicher.hosl\u2019s blog Vorabinformation Hier gibt es nun meinen vermutlich letzten Versuch ein <a class=\"more-link\" href=\"https:\/\/trackandfield.bplaced.net\/blog\/videos\/\"><span class=\"screen-reader-text\">  Videos<\/span> weiterlesen<span class=\"meta-nav\">&rarr;<\/span><\/a><\/p>\n","protected":false},"author":1,"featured_media":0,"parent":0,"menu_order":0,"comment_status":"closed","ping_status":"closed","template":"","meta":{"footnotes":""},"class_list":["post-22410","page","type-page","status-publish","hentry"],"_links":{"self":[{"href":"https:\/\/trackandfield.bplaced.net\/blog\/wp-json\/wp\/v2\/pages\/22410","targetHints":{"allow":["GET"]}}],"collection":[{"href":"https:\/\/trackandfield.bplaced.net\/blog\/wp-json\/wp\/v2\/pages"}],"about":[{"href":"https:\/\/trackandfield.bplaced.net\/blog\/wp-json\/wp\/v2\/types\/page"}],"author":[{"embeddable":true,"href":"https:\/\/trackandfield.bplaced.net\/blog\/wp-json\/wp\/v2\/users\/1"}],"replies":[{"embeddable":true,"href":"https:\/\/trackandfield.bplaced.net\/blog\/wp-json\/wp\/v2\/comments?post=22410"}],"version-history":[{"count":5,"href":"https:\/\/trackandfield.bplaced.net\/blog\/wp-json\/wp\/v2\/pages\/22410\/revisions"}],"predecessor-version":[{"id":22449,"href":"https:\/\/trackandfield.bplaced.net\/blog\/wp-json\/wp\/v2\/pages\/22410\/revisions\/22449"}],"wp:attachment":[{"href":"https:\/\/trackandfield.bplaced.net\/blog\/wp-json\/wp\/v2\/media?parent=22410"}],"curies":[{"name":"wp","href":"https:\/\/api.w.org\/{rel}","templated":true}]}}